22397941?
19, 541, 2179
List the prime factors of 29885.
5, 43, 139
List the prime factors of 4740656.
2, 127, 2333
What are the prime factors of 230890?
2, 5, 11, 2099
List the prime factors of 1287651.
3, 429217
What are the prime factors of 9958673?
71, 140263
What are the prime factors of 4185291?
3, 11, 126827
List the prime factors of 1987185.
3, 5, 137, 967
What are the prime factors of 160598?
2, 59, 1361
What are the prime factors of 1165953?
3, 388651
What are the prime factors of 6983418?
2, 3, 13, 71, 97
What are the prime factors of 1797908?
2, 7, 9173
What are the prime factors of 212596?
2, 53149
What are the prime factors of 2432542?
2, 7, 239, 727
What are the prime factors of 16396940?
2, 5, 7, 173, 677
List the prime factors of 2516898.
2, 3, 419483
List the prime factors of 6661998.
2, 3, 7, 37, 1429
List the prime factors of 3546462.
2, 3, 23, 31, 829
What are the prime factors of 89288?
2, 11161
List the prime factors of 38795292.
2, 3, 17, 63391
What are the prime factors of 4783791?
3, 1594597
List the prime factors of 8701469.
7, 311, 571
What are the prime factors of 8238907?
8238907
List the prime factors of 224281.
17, 79, 167
What are the prime factors of 315992?
2, 39499
What are the prime factors of 5322260?
2, 5, 53, 5021
What are the prime factors of 249331?
167, 1493
List the prime factors of 319734.
2, 3, 31, 191
What are the prime factors of 1197335?
5, 43, 5569
List the prime factors of 12755186.
2, 29, 219917
What are the prime factors of 22451239?
283, 79333
What are the prime factors of 434560?
2, 5, 7, 97
List the prime factors of 5425480.
2, 5, 135637
List the prime factors of 7507962.
2, 3, 7, 11, 5417
What are the prime factors of 6927383?
761, 9103
What are the prime factors of 22913430?
2, 3, 5, 19, 61, 659
What are the prime factors of 20582563?
17, 59, 20521
List the prime factors of 2025797.
79, 25643
What are the prime factors of 12642?
2, 3, 7, 43
What are the prime factors of 8172096?
2, 3, 31, 1373
What are the prime factors of 170504?
2, 21313
What are the prime factors of 2070104?
2, 258763
List the prime factors of 417726.
2, 3, 23, 1009
List the prime factors of 4420359.
3, 53, 3089
What are the prime factors of 169578?
2, 3, 9421
What are the prime factors of 330836?
2, 11, 73, 103
List the prime factors of 143355.
3, 5, 19, 503
What are the prime factors of 4003083?
3, 7, 63541
List the prime factors of 856313.
23, 31, 1201
List the prime factors of 3029781.
3, 1009927
List the prime factors of 9531601.
31, 307471
What are the prime factors of 17893?
29, 617
What are the prime factors of 57256?
2, 17, 421
What are the prime factors of 18301715?
5, 3660343
What are the prime factors of 5893151?
11, 535741
List the prime factors of 29125121.
61, 477461
What are the prime factors of 4144144?
2, 259009
List the prime factors of 1695238.
2, 23, 137, 269
List the prime factors of 367857.
3, 7, 5839
What are the prime factors of 476086?
2, 13, 18311
List the prime factors of 124741.
79, 1579
List the prime factors of 1075420.
2, 5, 17, 3163
What are the prime factors of 36097?
36097
List the prime factors of 12203270.
2, 5, 1220327
What are the prime factors of 170038?
2, 11, 59, 131
List the prime factors of 2787052.
2, 696763
List the prime factors of 928123.
7, 132589
What are the prime factors of 15722274?
2, 3, 2620379
List the prime factors of 23790636.
2, 3, 660851
List the prime factors of 473579.
473579
What are the prime factors of 4392069?
3, 11, 17, 7829
What are the prime factors of 1079866?
2, 173, 3121
What are the prime factors of 1967963?
19, 103577
List the prime factors of 403956.
2, 3, 7, 229
List the prime factors of 1092117.
3, 13, 41, 683
List the prime factors of 3869278.
2, 7, 191, 1447
What are the prime factors of 808633?
7, 331, 349
List the prime factors of 569087.
127, 4481
List the prime factors of 219582.
2, 3, 11, 1109
What are the prime factors of 112656?
2, 3, 2347
What are the prime factors of 888874?
2, 7, 173, 367
What are the prime factors of 182982?
2, 3, 30497
List the prime factors of 226269.
3, 31, 811
What are the prime factors of 73055?
5, 19, 769
List the prime factors of 2105143.
19, 101, 1097
List the prime factors of 535903.
167, 3209
List the prime factors of 3338855.
5, 13, 31, 1657
What are the prime factors of 4518234?
2, 3, 7, 11953
What are the prime factors of 964018?
2, 11, 29, 1511
What are the prime factors of 1737646?
2, 61, 14243
List the prime factors of 1418228.
2, 7, 50651
What are the prime factors of 764182?
2, 181, 2111
What are the prime factors of 11266440?
2, 3, 5, 93887
List the prime factors of 6699060.
2, 3, 5, 37217
List the prime factors of 1291281.
3, 430427
List the prime factors of 942668.
2, 463, 509
List the prime factors of 1550846.
2, 11, 157, 449
What are the prime factors of 1524291?
3, 508097
List the prime factors of 109296.
2, 3, 11, 23
List the prime factors of 997330.
2, 5, 99733
What are the prime factors of 137719?
41, 3359
What are the prime factors of 1592779?
1592779
List the prime factors of 14394107.
7, 13, 367, 431
List the prime factors of 1854486.
2, 3, 269, 383
What are the prime factors of 2932692?
2, 3, 7, 34913
List the prime factors of 9887971.
9887971
List the prime factors of 2373492.
2, 3, 11, 17981
List the prime factors of 9547601.
7, 271, 719
List the prime factors of 677150.
2, 5, 29, 467
List the prime factors of 232141.
7, 13, 2551
List the prime factors of 99780.
2, 3, 5, 1663
What are the prime factors of 504732?
2, 3, 42061
What are the prime factors of 595568?
2, 37223
What are the prime factors of 308556?
2, 3, 2857
List the prime factors of 80776.
2, 23, 439
What are the prime factors of 9029110?
2, 5, 23, 37, 1061
List the prime factors of 75369.
3, 7, 37, 97
List the prime factors of 16370218.
2, 17, 467, 1031
What are the prime factors of 32961?
3, 10987
List the prime factors of 1837999.
23, 157, 509
What are the prime factors of 510431?
467, 1093
List the prime factors of 3752580.
2, 3, 5, 13, 17, 283
What are the prime factors of 1511632?
2, 94477
List the prime factors of 878876.
2, 23, 41, 233
What are the prime factors of 302670?
2, 3, 5, 19, 59
List the prime factors of 3659697.
3, 406633
List the prime factors of 29816.
2, 3727
List the prime factors of 74177.
74177
What are the prime factors of 805922?
2, 13, 139, 223
List the prime factors of 3323267.
67, 193, 257
What are the prime factors of 15016340?
2, 5, 750817
List the prime factors of 1314055.
5, 37, 7103
What are the prime factors of 24859304?
2, 17, 182789
What are the prime factors of 397336?
2, 49667
List the prime factors of 832827.
3, 19, 769
List the prime factors of 186948.
2, 3, 577
List the prime factors of 15709231.
239, 65729
What are the prime factors of 257917?
11, 23447
What are the prime factors of 99474?
2, 3, 59, 281
What are the prime factors of 2521435?
5, 7, 61, 1181
What are the prime factors of 445625?
5, 23, 31
What are the prime factors of 46576?
2, 41, 71
What are the prime factors of 1756672?
2, 47, 73
List the prime factors of 843121.
311, 2711
List the prime factors of 9742525.
5, 13, 31, 967
What are the prime factors of 626779?
173, 3623
What are the prime factors of 1552554?
2, 3, 28751
List the prime factors of 6406838.
2, 19, 168601
List the prime factors of 537052.
2, 134263
What are the prime factors of 4926261?
3, 991, 1657
List the prime factors of 126129.
3, 42043
What are the prime factors of 5208307?
13, 17, 23567
List the prime factors of 4971169.
7, 617, 1151
List the prime factors of 528756.
2, 3, 139, 317
List the prime factors of 5294739.
3, 61, 28933
List the prime factors of 17511124.
2, 1291, 3391
What are the prime factors of 189143?
73, 2591
What are the prime factors of 2070833?
2070833
What are the prime factors of 2100080?
2, 5, 26251
List the prime factors of 5056521.
3, 487, 3461
List the prime factors of 5819472.
2, 3, 19, 709
List the prime factors of 1795945.
5, 71, 5059
What are the prime factors of 318436?
2, 79609
What are the prime factors of 1160317?
1160317
List the prime factors of 179601.
3, 131, 457
List the prime factors of 3465989.
3465989
List the prime factors of 932070.
2, 3, 5, 31069
What are the prime factors of 22613?
22613
Wh